 be p(-12). Give u(n).
-36
Suppose 4*b = -3 + 11. Let o(d) = 0*d + 4 + d**3 - 2*d - 8*d**b + 10*d**2. Calculate o(-3).
1
Suppose -q - f = q + 7, -5*q - 2*f = 18. Let b be 2/(-5)*(-20)/q. Let y(z) = 31*z + 15. Let s(h) = 6*h + 3. Let i(g) = -11*s(g) + 2*y(g). Calculate i(b).
5
Let r(m) = -m**2 - 4*m + 23. Let i be r(3). Let s(v) = 3*v**2 - 2*v + 1. Give s(i).
9
Suppose 4*b - 2*c = 4, 1 + 1 = -c. Suppose -5*u + 6 - 1 = b. Let f(t) = t - 1. Let a(x) = x**2 + 4*x + 5. Let j(q) = u*a(q) + 2*f(q). Give j(-5).
-2
Let z(y) = -y - 7. Let i = -814 + 810. Give z(i).
-3
Let v(x) be the first derivative of x**2 - 18*x - 13. What is v(13)?
8
Let m(d) = -d**2 - 7*d + 2. Let b(r) = r**2 - 6*r - 10. Let t be b(0). Calculate m(t).
-28
Let t(n) = 13*n + 80. Let k be t(-6). Let m(p) = p**2 + 4*p - 2. Let v(w) = w**2 + w - 1. Let h(y) = m(y) - 2*v(y). Give h(k).
0
Let x(t) be the third derivative of 0*t + 10*t**2 + 1/24*t**4 + 0*t**3 + 0. Determine x(-7).
-7
Let c be -3 + (-4)/6*-3. Let s(d) = 6*d**2 + 3*d + 2. Let n be s(c). Let g(h) = -3*h**2 + n*h**2 + 1 + 2 - h - 1. Determine g(-2).
12
Let n(t) = 2*t**3 - 8*t**2 - 11*t + 1. Let q = -13 + 18. Let p be n(q). Let s(k) = -4*k + 4. What is s(p)?
20
Let z(f) = -f + 8*f - 2 - 6*f + 6*f**2. Calculate z(-2).
20
Let l = -49 + 51. Suppose l*d - 27 = k + 7*d, -2*d = -2*k - 6. Let u(n) = -n**3 - 7*n**2 - n - 10. Calculate u(k).
-3
Let h(a) = 7 + 2*a**3 - a**3 + 5*a**2 - 1583*a + 1585*a. Suppose 0 = 4*s - 5*s + 4. Suppose 2*i + 2*y = -s, 4*i - 3*y + 26 = -y. What is h(i)?
-3
Let t(p) = -2*p. Let x(j) = 2*j - 9. Let m be x(0). Let d = m - -8. Give t(d).
2
Let w(z) = z**3 + 5*z**2 - 9*z - 6. Suppose 3*x + h = -14, 5*x - 12 + 40 = -4*h. Let t = x - 2. Calculate w(t).
12
Let m(y) = -18*y + y**2 - 488 + 247 + 235. Determine m(18).
-6
Let u(w) be the third derivative of -w**7/2520 - w**6/120 + w**5/12 - 17*w**4/24 + 18*w**2. Let f(t) be the second derivative of u(t). Give f(-7).
3
Let h(m) be the third derivative of m**7/2520 + 7*m**6/720 + m**5/15 + 7*m**4/24 + 7*m**2. Let z(i) be the second derivative of h(i). Calculate z(-6).
2
Let s(k) = -3 + 4*k + 3. Let d(v) be the second derivative of -v**3/6 + 35*v. Let h(o) = 7*d(o) + 2*s(o). Calculate h(3).
3
Let f = 28 + -27. Let d(i) be the third derivative of 1/24*i**4 + 1/30*i**5 - 2*i**2 + 0*i + 0 + 0*i**3. Determine d(f).
3
Suppose 19*d - 44*d = -200. Let v(z) be the third derivative of -z**5/60 + 3*z**4/8 + z**3/2 + z**2. Give v(d).
11
Suppose 5*o - 4*s + 0*s = 23, -6 = 3*s. Let n(g) = 2*g**o - 3 + 3*g + 2*g + g**2 - 8*g. Let y = 8 + -10. What is n(y)?
-9
Let l be (-2)/6*(-17 - -2). Let q(k) be the first derivative of -3*k**2 - 6*k + 1/4*k**4 - 7 - 4/3*k**3. Give q(l).
-11
Let s = 2 + -5. Let g = -15 - -20. Let r(i) = 5*i**2 + 2*i - 1. Let m(l) = -4*l**2 - l + 1. Let f(j) = g*r(j) + 6*m(j). Give f(s).
-2
Let n(z) = z**3 - 7*z**2 - 13*z + 20. Let r(b) = -12*b - 604. Let f be r(-51). Give n(f).
-20
Let x(k) be the second derivative of k**5/20 + 7*k**4/12 + 5*k**3/6 - 2*k**2 + 18*k - 3. Calculate x(-6).
2
Let o(u) = u**3 - 10*u**2 + u - 14. Let s be ((-6)/(-21))/((-732)/105 - -7). Calculate o(s).
-4
Let k(f) = 4*f - 13. Let d(a) = 4*a - 9. Let g(l) = l - 1. Let z(c) = d(c) - 2*g(c). Let i(m) = 3*k(m) - 5*z(m). Determine i(5).
6
Let s be (4/5)/((-4)/(-10)). Let b(y) be the second derivative of y**4/12 - y**3/2 - 11*y + 10. Give b(s).
-2
Suppose 0 = -8*c + 3*c. Suppose -20 = -4*i - k, c = 4*i - k - 3*k. Let h(d) be the first derivative of -2*d**3/3 + 5*d**2/2 + 2*d + 307. Calculate h(i).
-10
Suppose 4*p - a + 0*a = 10, 3*p = a + 8. Let t(k) = 0 + 5 - 4 + k + k**p. What is t(2)?
7
Let j be (-2 + 6 + -3)*15/3. Let h(q) = -q**2 - q + 3. Determine h(j).
-27
Let z(d) = 6*d**3 - 3*d**2 + d + 1. Let t be z(1). Suppose -11 = -t*y - 6. Let q(n) = -2*n + 1. Give q(y).
-1
Let h(p) be the first derivative of 4*p**2 + 7 + 8*p + 1/3*p**3. Give h(-6).
-4
Let o(n) be the second derivative of n**5/20 - n**2/2 - n. Let d(y) be the first derivative of o(y). Let p(b) = 38*b + 341. Let q be p(-9). Calculate d(q).
3
Let l(v) = v**3 + v + 30817 + 30819 - 61641 - 14*v**2. What is l(14)?
9
Let c be -10 + (1 - -1 - 2). Let i = c + 12. Let d(r) = 0*r**3 - 2*r**3 - r + 0*r**i + 2 + r**2. Give d(2).
-12
Let k(u) = u**3 - 3*u**2 + 2*u - 4. Let p = 180 + -297. Let q be 4/6*p/(-26). What is k(q)?
2
Let m be (-4)/10*(260/(-8))/13. Let n(r) = 54*r**2 + r - 2. Give n(m).
53
Let c(p) = p**2 - 7*p + 2. Let b be (-18)/(-27) + 4/(-6). Suppose 2*k + 5*x = 6, b*x - 2*x - 44 = -5*k. Give c(k).
10
Let c be (-36)/21*(6 + 30/(-12)). Let x(w) = -3*w + 8. Calculate x(c).
26
Let l(i) = 3*i - 2. Let c(u) = -4*u + 1. Suppose 15 = 5*m - 10. Let n(r) = m*l(r) + 4*c(r). Let o(h) = -h**2 - 7*h - 6. Let s be o(-7). What is n(s)?
0
Suppose -w + t - 2 = 0, 5*w + t + 13 = 5*t. Let s(l) be the first derivative of -l**2/2 - 2*l + 6389. Determine s(w).
3
Suppose 26 = 3*o - 4*a, 0 = o + 3*a + 12 + 1. Let i(t) = t + 0 + 2*t**o + 4 - 4. Let j be i(-2). Let v(z) = -z**3 + 6*z**2 - 1. Calculate v(j).
-1
Suppose 2*z - 16 - 7 = 3*p, 0 = -3*p + 5*z - 26. Let v(d) = 8*d**2 - d - 1. Let o(h) = -7*h**2 + 2. Let n(r) = p*o(r) - 6*v(r). Give n(-7).
-1
Let d = -51 - -53. Let t(c) = -3 - 2*c**2 + 30*c**3 - 3*c**d - 31*c**3 - 3*c + 0*c**2. What is t(-4)?
-7
Let l(y) be the second derivative of -5*y**3/3 - 16*y. Suppose p = -p + 8. Suppose 8 = p*t, -3*o + 3*t - 7 = 2. Give l(o).
10
Suppose -t + 0*t + 14 = 3*g, 0 = -2*g - 5*t + 5. Let c be 32/(-20) + 3/g. Let f(l) = 9*l**3 + l**2 + l + 1. What is f(c)?
-8
Let m(p) = 14 - p**3 - 95*p**2 - 14 + 96*p**2. Give m(0).
0
Suppose -37 = 5*w - 3*l, -2*l = -3*w + 2*l - 20. Let u(b) = -b**2 - 8*b + b**2 - b**2 - 5 - 74 + 88. What is u(w)?
9
Let x(n) = n**2 - 3*n + 1. Let c(k) = -5*k**2 + 7*k - 13. Let z(g) = -c(g) - 4*x(g). Determine z(-6).
15
Suppose -3*q + 5*o = -q - 8, 4*q + o - 16 = 0. Let i(h) = -3 + 4 - 10*h**2 - 10*h**2 + 29*h**2 - 11*h**2 + 4*h. Determine i(q).
-15
Let l(t) = -t**2 + 4*t - 1. Suppose 129 - 141 = -2*m. Calculate l(m).
-13
Let q(x) = -16*x**2 - 18*x + 38. Let g(l) = -9*l**2 - 9*l + 19. Let n(z) = 9*g(z) - 5*q(z). Give n(5).
1
Let s(t) = -2*t**2 - 5*t - 1. Let b be ((-11)/55 - 21/(-30))*-6. Give s(b).
-4
Let f(k) = -8*k**2 - 6*k - 9. Let j(v) = 4*v**2 + 3*v + 4. Let t(o) = 2*f(o) + 5*j(o). Let s = -6 + 4. Give t(s).
12
Let k(y) = 2*y - 16. Let g(h) = -h + 4. Let i be g(-7). Let o be k(i). Let j(r) = -5*r - o + 0*r + 9*r**2 - r**2 - r**3. Give j(7).
8
Let d(j) = j**2 + 7*j + 12. Let r be d(-8). Suppose 5*a = -r, s - 4*s - 5*a - 68 = 0. Let n be (-42)/28*s/(-6). Let u(b) = b**2 + 5*b + 5. What is u(n)?
1
Let n(o) = -o**3 - 5*o**2 + 7*o + 12. Let j be n(-6). Suppose 3*m + 35 = 2*u - j, 48 = -4*m + u. Let y(p) = -p - 13. Determine y(m).
-2
Let g(k) = -3*k**2 + k**2 - 3*k**2 + 8*k + 7 - k**3. Suppose 0 = -2*f - b - 16, 10 = 62*f - 61*f - 4*b. Determine g(f).
-5
Let l(q) = -2822*q + 7 + 1406*q + 1408*q + q**2. Let v be -3 + (-2 + -14)/(-2). What is l(v)?
-8
Let w(q) be the first derivative of -q**4/4 - 2*q**3/3 + q**2/2 + q - 213. Calculate w(2).
-13
Suppose 5*h + 3*l - 6*l = 26, 2 = 2*h - 4*l. Let p(c) = -73*c + h + 71*c + 4 - 3. Calculate p(8).
-8
Let k(j) be the second derivative of j**4/12 + j**3/6 - j**2/2 + j. Let p(f) = 4*f**2 + 14*f - 8. Let l be 4*330/308*14/12. Let c(z) = l*k(z) - p(z). Give c(8).
-5
Let d(j) = -j**3 - 7*j**2 - 2*j + 1. Suppose -20*v - 34*v - 378 = 0. Give d(v).
15
Let q(i) = -43*i - 5. Let o(a) = -10*a - 1. Let m(r) = -9*o(r) + 2*q(r). Calculate m(-1).
-5
Let t = -10 - -7. Let f(x) be the second derivative of -4*x**3/3 + x**2/2 - 1105*x. Calculate f(t).
25
Let y(p) = p**2 + p - 5. Let d be y(-3). Let l(x) = -x**3 - 2*x**2 + 1. Give l(d).
-2
Suppose -180*r + 182*r + g = -8, -3*g = -3*r + 6. Let i(h) = -3*h + 4 - 4*h + 5*h. Determine i(r).
8
Suppose -3*p = 2*z - 0*p + 115, 4*z = -4*p - 220. Let g = z - -45. Let r(u) be the third derivative of -u**5/60 - u**4/6 - u**3/6 - u**2. Determine r(g).
-6
Let l(x) = -1504 - 5*x + 4*x + 1515. Determine l(18).
-7
Suppose z + 2*w - 108 = -0*w, 3*z - 324 = 5*w. Let p = z - 98. Let g(s) = s**2 - 8*s - 10. Calculate g(p).
10
Suppose h + 2*s = -10, h - 3*h + 5*s = -7. Let f be ((-10)/h)/(7/14). Let a(v) = v**2 - 8*v + 4. Calculate a(f).
-11
Sup